{"id":86,"date":"2025-02-13T14:56:32","date_gmt":"2025-02-13T13:56:32","guid":{"rendered":"https:\/\/elcem-com.fr\/?page_id=86"},"modified":"2025-02-13T14:58:04","modified_gmt":"2025-02-13T13:58:04","slug":"presentation","status":"publish","type":"page","link":"https:\/\/elcem-com.fr\/?page_id=86","title":{"rendered":"Pr\u00e9sentation"},"content":{"rendered":"\n<p class=\"wp-block-paragraph\"><strong>Qui sommes-nous?<\/strong><br> Elcem-Com est une soci\u00e9t\u00e9 cr\u00e9\u00e9e en 2021 pour aider les TPE\/PME\/ETI \u00e0 faire face aux enjeux de la s\u00e9curit\u00e9 informatique.<br> En effet, les petites entreprises ont les m\u00eames besoins en mati\u00e8re de s\u00e9curit\u00e9 sans avoir les moyens des gros groupes. En cas de perte de leur informatique, elles ne seront peut-\u00eatre pas capable de se relever ou d&rsquo;absorber la dette financi\u00e8re.<br><\/p>\n","protected":false},"excerpt":{"rendered":"<p>Qui sommes-nous? Elcem-Com est une soci\u00e9t\u00e9 cr\u00e9\u00e9e en 2021 pour aider les TPE\/PME\/ETI \u00e0 faire face aux enjeux de la s\u00e9curit\u00e9 informatique. En effet, les petites entreprises ont les m\u00eames besoins en mati\u00e8re de s\u00e9curit\u00e9 sans avoir les moyens des gros groupes. En cas de perte de leur informatique, elles ne seront peut-\u00eatre pas capable &hellip; <\/p>\n<p class=\"link-more\"><a href=\"https:\/\/elcem-com.fr\/?page_id=86\" class=\"more-link\">Continuer la lecture<span class=\"screen-reader-text\"> de &laquo;&nbsp;Pr\u00e9sentation&nbsp;&raquo;<\/span><\/a><\/p>\n","protected":false},"author":1,"featured_media":0,"parent":0,"menu_order":0,"comment_status":"closed","ping_status":"closed","template":"","meta":{"saved_in_kubio":false,"_crdt_document":"","om_disable_all_campaigns":false,"_monsterinsights_skip_tracking":false,"_monsterinsights_sitenote_active":false,"_monsterinsights_sitenote_note":"","_monsterinsights_sitenote_category":0,"footnotes":""},"class_list":["post-86","page","type-page","status-publish","hentry"],"aioseo_notices":[],"kubio_ai_page_context":{"short_desc":"","purpose":"general"},"jetpack_sharing_enabled":true,"_links":{"self":[{"href":"https:\/\/elcem-com.fr\/index.php?rest_route=\/wp\/v2\/pages\/86","targetHints":{"allow":["GET"]}}],"collection":[{"href":"https:\/\/elcem-com.fr\/index.php?rest_route=\/wp\/v2\/pages"}],"about":[{"href":"https:\/\/elcem-com.fr\/index.php?rest_route=\/wp\/v2\/types\/page"}],"author":[{"embeddable":true,"href":"https:\/\/elcem-com.fr\/index.php?rest_route=\/wp\/v2\/users\/1"}],"replies":[{"embeddable":true,"href":"https:\/\/elcem-com.fr\/index.php?rest_route=%2Fwp%2Fv2%2Fcomments&post=86"}],"version-history":[{"count":2,"href":"https:\/\/elcem-com.fr\/index.php?rest_route=\/wp\/v2\/pages\/86\/revisions"}],"predecessor-version":[{"id":89,"href":"https:\/\/elcem-com.fr\/index.php?rest_route=\/wp\/v2\/pages\/86\/revisions\/89"}],"wp:attachment":[{"href":"https:\/\/elcem-com.fr\/index.php?rest_route=%2Fwp%2Fv2%2Fmedia&parent=86"}],"curies":[{"name":"wp","href":"https:\/\/api.w.org\/{rel}","templated":true}]}}