{"id":256,"date":"2025-07-23T09:05:13","date_gmt":"2025-07-23T07:05:13","guid":{"rendered":"https:\/\/elcem-com.fr\/?page_id=256"},"modified":"2025-07-31T18:17:43","modified_gmt":"2025-07-31T16:17:43","slug":"partenaires","status":"publish","type":"page","link":"https:\/\/elcem-com.fr\/?page_id=256","title":{"rendered":"Partenaires"},"content":{"rendered":"\n<figure class=\"wp-block-image size-full\"><img loading=\"lazy\" decoding=\"async\" width=\"270\" height=\"356\" src=\"https:\/\/elcem-com.fr\/wp-content\/uploads\/2025\/07\/jpl.png\" alt=\"\" class=\"wp-image-257\" srcset=\"https:\/\/elcem-com.fr\/wp-content\/uploads\/2025\/07\/jpl.png 270w, https:\/\/elcem-com.fr\/wp-content\/uploads\/2025\/07\/jpl-228x300.png 228w\" sizes=\"(max-width: 270px) 100vw, 270px\" \/><\/figure>\n\n\n\n<p class=\"wp-block-paragraph\"><strong>Jean-Paul LEBREC<br>Associ\u00e9-fondateur chez IMPERIENCE Consulting depuis 2009<\/strong><\/p>\n\n\n\n<p class=\"wp-block-paragraph\">-Issu du contr\u00f4le de gestion et des risques dans le monde financier<br>-Plus de 25 ans d\u2019exp\u00e9rience dans la continuit\u00e9 d\u2019activit\u00e9 et la gestion des crises<br>-A men\u00e9 plus de 120 missions de conseil et d\u2019audit<br>-A form\u00e9 plus de 3,000 stagiaires (M2, professionnels, seniors en reclassement)<br>-Certifi\u00e9 ISO22301 (SMCA) lead implementer, lead auditor et certified trainer<br>-Intervient en France et dans les pays francophones<br>-Responsable PCA externalis\u00e9 en temps partag\u00e9 R\u00e9f\u00e9rences dans tous les secteurs priv\u00e9s et publics et toutes tailles d\u2019organisations<\/p>\n\n\n\n<p class=\"wp-block-paragraph\"><a href=\"https:\/\/jplebrec.wixsite.com\/imperience\">https:\/\/jplebrec.wixsite.com\/imperience<\/a><\/p>\n\n\n\n<p class=\"wp-block-paragraph\"><\/p>\n\n\n\n<figure class=\"wp-block-image size-full\"><img loading=\"lazy\" decoding=\"async\" width=\"270\" height=\"227\" src=\"https:\/\/elcem-com.fr\/wp-content\/uploads\/2025\/07\/faby.png\" alt=\"\" class=\"wp-image-258\"\/><\/figure>\n\n\n\n<p class=\"wp-block-paragraph\"><strong>Fabienne BOHM<\/strong><\/p>\n\n\n\n<p class=\"wp-block-paragraph\">Juriste de formation et ancienne enseignante en droit, je me suis sp\u00e9cialis\u00e9e dans la protection des donn\u00e9es personnelles, domaine dans lequel j&rsquo;interviens aujourd\u2019hui en tant que consultante experte en conformit\u00e9. Forte d\u2019une double comp\u00e9tence p\u00e9dagogique et op\u00e9rationnelle, j\u2019accompagne des entreprises de toutes tailles, y compris des groupes internationaux, dans la mise en \u0153uvre de strat\u00e9gies de conformit\u00e9 RGPD et de gouvernance des donn\u00e9es.<\/p>\n\n\n\n<p class=\"wp-block-paragraph\">En qualit\u00e9 de Chief Privacy Officer (CPO) pour un groupe d\u2019entreprises, ainsi que D\u00e9l\u00e9gu\u00e9e \u00e0 la Protection des Donn\u00e9es (DPO) externe, j\u2019apporte une vision strat\u00e9gique et pragmatique des enjeux li\u00e9s \u00e0 la protection des donn\u00e9es. Mon expertise se concentre particuli\u00e8rement sur les secteurs sensibles tels que la sant\u00e9 et la recherche, o\u00f9 j\u2019ai d\u00e9velopp\u00e9 une approche rigoureuse et adapt\u00e9e aux exigences r\u00e9glementaires sp\u00e9cifiques.<\/p>\n\n\n\n<p class=\"wp-block-paragraph\">En tant que formatrice certifi\u00e9e, j&rsquo;interviens \u00e9galement aupr\u00e8s de professionnels pour les sensibiliser et les former aux bonnes pratiques en mati\u00e8re de protection des donn\u00e9es contribuant ainsi \u00e0 une culture de la conformit\u00e9 durable au sein des organisations.<\/p>\n\n\n\n<p class=\"wp-block-paragraph\"><a href=\"mailto:Fabienne.bohm@gmail.com\">Fabienne.bohm@gmail.com<\/a><\/p>\n\n\n\n<figure class=\"wp-block-image size-large is-resized\"><img loading=\"lazy\" decoding=\"async\" width=\"1024\" height=\"1024\" src=\"https:\/\/elcem-com.fr\/wp-content\/uploads\/2025\/07\/identite-1024x1024.jpg\" alt=\"\" class=\"wp-image-294\" style=\"width:247px;height:auto\" srcset=\"https:\/\/elcem-com.fr\/wp-content\/uploads\/2025\/07\/identite-1024x1024.jpg 1024w, https:\/\/elcem-com.fr\/wp-content\/uploads\/2025\/07\/identite-300x300.jpg 300w, https:\/\/elcem-com.fr\/wp-content\/uploads\/2025\/07\/identite-150x150.jpg 150w, https:\/\/elcem-com.fr\/wp-content\/uploads\/2025\/07\/identite-768x768.jpg 768w, https:\/\/elcem-com.fr\/wp-content\/uploads\/2025\/07\/identite-1536x1536.jpg 1536w, https:\/\/elcem-com.fr\/wp-content\/uploads\/2025\/07\/identite-100x100.jpg 100w, https:\/\/elcem-com.fr\/wp-content\/uploads\/2025\/07\/identite.jpg 1836w\" sizes=\"(max-width: 767px) 89vw, (max-width: 1000px) 54vw, (max-width: 1071px) 543px, 580px\" \/><\/figure>\n\n\n\n<p class=\"wp-block-paragraph\">Laurent Jaunaux, certifi\u00e9 ISO27001 depuis 2018 et EBIOS depuis 2019, auditeur, sp\u00e9cialiste de la gestion du risque et de la mise en place de strat\u00e9gies cyber. Egalement formateur SSI pour cadres et directions, RCDS en Gendarmerie, membre de l&rsquo;UN-Cyber et du r\u00e9seau Cybermalveillance de l&rsquo;ANSSI<\/p>\n\n\n\n<p class=\"wp-block-paragraph\"> <a href=\"mailto:ljaunaux@integractiongroup.com\">ljaunaux@integractiongroup.com<\/a><\/p>\n","protected":false},"excerpt":{"rendered":"<p>Jean-Paul LEBRECAssoci\u00e9-fondateur chez IMPERIENCE Consulting depuis 2009 -Issu du contr\u00f4le de gestion et des risques dans le monde financier-Plus de 25 ans d\u2019exp\u00e9rience dans la continuit\u00e9 d\u2019activit\u00e9 et la gestion des crises-A men\u00e9 plus de 120 missions de conseil et d\u2019audit-A form\u00e9 plus de 3,000 stagiaires (M2, professionnels, seniors en reclassement)-Certifi\u00e9 ISO22301 (SMCA) lead implementer, &hellip; <\/p>\n<p class=\"link-more\"><a href=\"https:\/\/elcem-com.fr\/?page_id=256\" class=\"more-link\">Continuer la lecture<span class=\"screen-reader-text\"> de &laquo;&nbsp;Partenaires&nbsp;&raquo;<\/span><\/a><\/p>\n","protected":false},"author":1,"featured_media":0,"parent":0,"menu_order":0,"comment_status":"closed","ping_status":"closed","template":"","meta":{"saved_in_kubio":false,"_crdt_document":"","om_disable_all_campaigns":false,"_monsterinsights_skip_tracking":false,"_monsterinsights_sitenote_active":false,"_monsterinsights_sitenote_note":"","_monsterinsights_sitenote_category":0,"footnotes":""},"class_list":["post-256","page","type-page","status-publish","hentry"],"aioseo_notices":[],"kubio_ai_page_context":{"short_desc":"","purpose":"general"},"jetpack_sharing_enabled":true,"_links":{"self":[{"href":"https:\/\/elcem-com.fr\/index.php?rest_route=\/wp\/v2\/pages\/256","targetHints":{"allow":["GET"]}}],"collection":[{"href":"https:\/\/elcem-com.fr\/index.php?rest_route=\/wp\/v2\/pages"}],"about":[{"href":"https:\/\/elcem-com.fr\/index.php?rest_route=\/wp\/v2\/types\/page"}],"author":[{"embeddable":true,"href":"https:\/\/elcem-com.fr\/index.php?rest_route=\/wp\/v2\/users\/1"}],"replies":[{"embeddable":true,"href":"https:\/\/elcem-com.fr\/index.php?rest_route=%2Fwp%2Fv2%2Fcomments&post=256"}],"version-history":[{"count":5,"href":"https:\/\/elcem-com.fr\/index.php?rest_route=\/wp\/v2\/pages\/256\/revisions"}],"predecessor-version":[{"id":296,"href":"https:\/\/elcem-com.fr\/index.php?rest_route=\/wp\/v2\/pages\/256\/revisions\/296"}],"wp:attachment":[{"href":"https:\/\/elcem-com.fr\/index.php?rest_route=%2Fwp%2Fv2%2Fmedia&parent=256"}],"curies":[{"name":"wp","href":"https:\/\/api.w.org\/{rel}","templated":true}]}}

<figure class="wp-block-image size-full"><img loading="lazy" decoding="async" width="270" height="356" src="https://elcem-com.fr/wp-content/uploads/2025/07/jpl.png" alt="" class="wp-image-257" srcset="https://elcem-com.fr/wp-content/uploads/2025/07/jpl.png 270w, https://elcem-com.fr/wp-content/uploads/2025/07/jpl-228x300.png 228w" sizes="(max-width: 270px) 100vw, 270px" /></figure>



<p class="wp-block-paragraph"><strong>Jean-Paul LEBREC<br>Associé-fondateur chez IMPERIENCE Consulting depuis 2009</strong></p>



<p class="wp-block-paragraph">-Issu du contrôle de gestion et des risques dans le monde financier<br>-Plus de 25 ans d’expérience dans la continuité d’activité et la gestion des crises<br>-A mené plus de 120 missions de conseil et d’audit<br>-A formé plus de 3,000 stagiaires (M2, professionnels, seniors en reclassement)<br>-Certifié ISO22301 (SMCA) lead implementer, lead auditor et certified trainer<br>-Intervient en France et dans les pays francophones<br>-Responsable PCA externalisé en temps partagé Références dans tous les secteurs privés et publics et toutes tailles d’organisations</p>



<p class="wp-block-paragraph"><a href="https://jplebrec.wixsite.com/imperience">https://jplebrec.wixsite.com/imperience</a></p>



<p class="wp-block-paragraph"></p>



<figure class="wp-block-image size-full"><img loading="lazy" decoding="async" width="270" height="227" src="https://elcem-com.fr/wp-content/uploads/2025/07/faby.png" alt="" class="wp-image-258"/></figure>



<p class="wp-block-paragraph"><strong>Fabienne BOHM</strong></p>



<p class="wp-block-paragraph">Juriste de formation et ancienne enseignante en droit, je me suis spécialisée dans la protection des données personnelles, domaine dans lequel j&rsquo;interviens aujourd’hui en tant que consultante experte en conformité. Forte d’une double compétence pédagogique et opérationnelle, j’accompagne des entreprises de toutes tailles, y compris des groupes internationaux, dans la mise en œuvre de stratégies de conformité RGPD et de gouvernance des données.</p>



<p class="wp-block-paragraph">En qualité de Chief Privacy Officer (CPO) pour un groupe d’entreprises, ainsi que Déléguée à la Protection des Données (DPO) externe, j’apporte une vision stratégique et pragmatique des enjeux liés à la protection des données. Mon expertise se concentre particulièrement sur les secteurs sensibles tels que la santé et la recherche, où j’ai développé une approche rigoureuse et adaptée aux exigences réglementaires spécifiques.</p>



<p class="wp-block-paragraph">En tant que formatrice certifiée, j&rsquo;interviens également auprès de professionnels pour les sensibiliser et les former aux bonnes pratiques en matière de protection des données contribuant ainsi à une culture de la conformité durable au sein des organisations.</p>



<p class="wp-block-paragraph"><a href="mailto:Fabienne.bohm@gmail.com">Fabienne.bohm@gmail.com</a></p>



<figure class="wp-block-image size-large is-resized"><img loading="lazy" decoding="async" width="1024" height="1024" src="https://elcem-com.fr/wp-content/uploads/2025/07/identite-1024x1024.jpg" alt="" class="wp-image-294" style="width:247px;height:auto" srcset="https://elcem-com.fr/wp-content/uploads/2025/07/identite-1024x1024.jpg 1024w, https://elcem-com.fr/wp-content/uploads/2025/07/identite-300x300.jpg 300w, https://elcem-com.fr/wp-content/uploads/2025/07/identite-150x150.jpg 150w, https://elcem-com.fr/wp-content/uploads/2025/07/identite-768x768.jpg 768w, https://elcem-com.fr/wp-content/uploads/2025/07/identite-1536x1536.jpg 1536w, https://elcem-com.fr/wp-content/uploads/2025/07/identite-100x100.jpg 100w, https://elcem-com.fr/wp-content/uploads/2025/07/identite.jpg 1836w" sizes="(max-width: 767px) 89vw, (max-width: 1000px) 54vw, (max-width: 1071px) 543px, 580px" /></figure>



<p class="wp-block-paragraph">Laurent Jaunaux, certifié ISO27001 depuis 2018 et EBIOS depuis 2019, auditeur, spécialiste de la gestion du risque et de la mise en place de stratégies cyber. Egalement formateur SSI pour cadres et directions, RCDS en Gendarmerie, membre de l&rsquo;UN-Cyber et du réseau Cybermalveillance de l&rsquo;ANSSI</p>



<p class="wp-block-paragraph"> <a href="mailto:ljaunaux@integractiongroup.com">ljaunaux@integractiongroup.com</a></p>

<p>Jean-Paul LEBRECAssocié-fondateur chez IMPERIENCE Consulting depuis 2009 -Issu du contrôle de gestion et des risques dans le monde financier-Plus de 25 ans d’expérience dans la continuité d’activité et la gestion des crises-A mené plus de 120 missions de conseil et d’audit-A formé plus de 3,000 stagiaires (M2, professionnels, seniors en reclassement)-Certifié ISO22301 (SMCA) lead implementer, &hellip; </p>
<p class="link-more"><a href="https://elcem-com.fr/?page_id=256" class="more-link">Continuer la lecture<span class="screen-reader-text"> de &laquo;&nbsp;Partenaires&nbsp;&raquo;</span></a></p>
